?
16
Let f be 3/(-2)*150/(-45). Calculate the greatest common divisor of f and 35.
5
Let y be (0/(-3))/5 - (-32)/2. What is the greatest common divisor of y and 12?
4
Let q be (4/5)/(8/20). Let x(n) = 2 + 0*n + n + 3*n**3 - 3*n**2 - q*n. Let r be x(2). Calculate the highest common factor of r and 30.
6
Let i be (2/(-4))/(36/(-4032)). What is the greatest common factor of 14 and i?
14
Let b(j) = j**2 - j + 95. Let q be b(0). Calculate the highest common divisor of q and 19.
19
Suppose 2*g - 142 = 38. Calculate the highest common divisor of g and 18.
18
Let l(b) = -7*b + 12*b - 7*b + 4. Let q be l(4). Let m be q/((-12)/39) - 1. Calculate the highest common divisor of 48 and m.
12
Let j = 1 + 2. Suppose 4*s - j*q - 444 = 0, 0 = 2*s + 2*s + 3*q - 420. What is the greatest common factor of s and 12?
12
Let a be -2*-3*9/(108/88). What is the highest common divisor of a and 4?
4
Suppose -a - 3*u = -25, 0*a - 4*u = a - 28. Calculate the highest common factor of 8 and a.
8
Let a = -177 + 309. Calculate the greatest common factor of 12 and a.
12
Let c be 1/(3 + 5/(-2)). Suppose -2*s - c*s = 5*w - 133, w + 3*s = 31. Calculate the greatest common factor of 100 and w.
25
Suppose -3*k + 164 = 5*m, 2*m - 4*k = m + 42. Calculate the greatest common divisor of m and 85.
17
Let r be 8/5*(-72 + -3). Let c = r + 168. Calculate the highest common factor of 6 and c.
6
Suppose 0 = 5*z - 28 - 12. Calculate the greatest common factor of z and 8.
8
Suppose -7 + 0 = r. Let m(a) = -a**3 - 7*a**2 - a - 4. Let k be m(r). What is the highest common divisor of k and 3?
3
Suppose 4 = -2*b - 0*b. Let o be ((-88)/b)/4 - 3. Calculate the highest common divisor of o and 4.
4
Let f(z) = 2*z - 7. Let o be f(6). What is the highest common divisor of o and 20?
5
Suppose 0*y = y. Suppose 0 = -3*m + 2*m + 3*u + 930, y = 5*u + 25. Suppose -4*b + 5*r = b - m, 4*r + 171 = b. Calculate the greatest common divisor of b and 17.
17
Let t be (6/(-4))/(1/2). Let v = 5 + t. Calculate the highest common divisor of v and 22.
2
Let h be 5/5 + 0 + 0. Suppose 3*n - 10 = -h. Suppose 3*q + 5*s - 141 = 0, -147 - 12 = -4*q + n*s. Calculate the highest common factor of 14 and q.
14
Let l = -21 - -27. Calculate the highest common factor of 6 and l.
6
Let v(i) = -i**2 - i - 5. Let s be v(0). Let z be (-5)/(s/3) + 17. What is the highest common divisor of 2 and z?
2
Let g(q) = q**2 + 13. Let z be g(0). Let a = 5 + z. What is the highest common factor of a and 9?
9
Let f be -2 - (-4)/6*18. What is the greatest common factor of f and 40?
10
Let a(d) = d**3 - 8*d**2 + 9*d - 4. Let t be a(7). Suppose -w + t = -2. Calculate the highest common divisor of w and 108.
12
Suppose -31 = -10*g + 199. What is the highest common factor of 115 and g?
23
Let b(s) = 2*s**2 + 4*s - 3. Let m be b(3). Let j = 56 + -29. What is the highest common factor of m and j?
27
Let h be (-2 - (-1 - 2)) + -3. Let n be (-13)/h - 3/(-6). Suppose -n = -2*c - 3. Calculate the greatest common divisor of c and 20.
2
Let k = 19 - 0. What is the greatest common divisor of k and 152?
19
Suppose y + 54 = 5*p, 2*p + 0*y - 8 = -3*y. Let z be (1*-10)/(2/1). Let n be (-14)/(-8) - z/20. Calculate the highest common factor of n and p.
2
Suppose -4*i + 28 = -0*i - 4*k, -i - 3*k = 1. Let v be 4*1 - (-9 + 9). Suppose v*d - 2*d = 110. Calculate the highest common factor of i and d.
5
Suppose -l + 3*z + 84 - 20 = 0, -64 = -l - 3*z. Calculate the greatest common divisor of 80 and l.
16
Suppose 3*z = 2*j - 4, -j + 6 = -5*z - 3. Let i be -1 + (z - -1 - -14). What is the greatest common factor of i and 4?
4
Let f(q) = -q + 3 - 3 - 2. Let d be f(-6). Suppose -6*i - 57 = -2*y - i, -4*y + 59 = i. Calculate the highest common factor of y and d.
4
Let q be (10/3)/((-1)/3). Let z(o) = o**2 - 7*o - 8. Let l be z(q). Suppose t = -t + l. Calculate the highest common divisor of 9 and t.
9
Let h be 141 + 1 + (-2)/1. Let w = 103 - 83. Calculate the highest common divisor of w and h.
20
Let d be -4*(36/16 - 4). Let b = -11 - -18. What is the greatest common factor of d and b?
7
Let h = -7 + 11. Suppose h*l = -1 + 9. Suppose u = -u + l. What is the highest common divisor of u and 7?
1
Let m(u) = 2*u**2 + u + 9. Let f be m(9). Suppose 0 = -0*a + a. Suppose 5*s = 3*q + 103, -q = 3*s - a*q - 59. What is the highest common factor of f and s?
20
Suppose -11 = -3*i + 2*i. Let z(v) = 5*v**2 - 4*v + 13. Let y be z(4). Calculate the highest common factor of i and y.
11
Let i(k) = 61*k**2 - 2*k + 3. Let z be i(2). Calculate the highest common factor of 27 and z.
27
Let c = 13 - 31. Let h = c - -27. Let g(p) = -37*p - 2. Let v be g(-2). What is the greatest common factor of h and v?
9
Suppose 3*w + 159 = 4*y, -3*y - 4*w + 14 = -124. Let x(r) = -r**2 - 5*r + 6. Let u be x(-5). What is the highest common divisor of u and y?
6
Let r be 2 + 3/3 + -3. Suppose 3*f - 9 = 4*j, r*j + j = -5*f + 15. Suppose j = 6*x - 4*x - 4. What is the highest common divisor of 3 and x?
1
Let b be 7 - (2 + 1) - -8. Calculate the greatest common divisor of 48 and b.
12
Suppose -7*i = -10*i + 33. Suppose 2*w - 2*b = 36, -5*w + 2*b = -0*b - 102. Calculate the greatest common factor of i and w.
11
Suppose 0 = -5*g + 18 - 3. Suppose 1 = -x - 2*q, -36 = -5*x + g*q + 11. Calculate the highest common divisor of x and 7.
7
Let g(s) = 23*s - 7. Let r be g(3). Let i = 90 - r. Suppose -3*u - 25 = -4*b, b - u + 5*u = -8. What is the highest common factor of b and i?
4
Suppose -5*m = g - 19, -2*m = -m + 2*g - 2. Suppose y + 0*y - m = 0. Calculate the highest common factor of 12 and y.
4
Suppose -i + 0 + 3 = 0, 5*i - 378 = -3*l. Suppose -4*s = -5*z + 109, -4*s = 5*z - 5*s - l. Suppose 2*u = 23 + z. What is the highest common factor of u and 8?
8
Let m = 55 - 28. Calculate the greatest common factor of 162 and m.
27
Let k be 26/(-7) + 6/(-21). Let n be k/6*1*-33. Suppose 2*s - 3*r - 14 = -8*r, 5*s + 5*r = 20. Calculate the greatest common divisor of s and n.
2
Let o be (-1)/(-3) + (-62)/(-3). Let u be 1*(3 + 0/1). Suppose 2*t - 3 = u. What is the greatest common divisor of t and o?
3
Let f = -16 - -33. Let q be (0 + -3)*(-53 + 2). Calculate the greatest common divisor of f and q.
17
Let t = -17 - -29. Let a(q) = -11*q + 1. Let b be a(-1). Calculate the highest common factor of t and b.
12
Let w be (12 + -7)*4/2. Let n be 164/w + 14/(-35). What is the highest common divisor of n and 16?
16
Let q(g) = -4*g - 7. Let t be q(-8). What is the greatest common divisor of t and 250?
25
Let k = 93 - 61. Suppose -4*t + 7 = d - k, 0 = 3*t - 5*d - 35. What is the highest common divisor of 10 and t?
10
Let l be 91/(-5) + 2/10. Let m be ((-6)/4)/(l/132). Let n be (-222)/(-5) + (-6)/15. What is the highest common factor of n and m?
11
Let j be 8*(1 + 1/(-2)). Let n = -30 + 29. Let p be 10/((1/n)/(-1)). Calculate the highest common divisor of p and j.
2
Let o(p) be the first derivative of p**3/3 - p**2/2 + 2. Let g be o(3). Let j be (0 - -1)/(2/132). Calculate the greatest common divisor of j and g.
6
Let v = 167 - 158. What is the greatest common divisor of v and 27?
9
Suppose 6*u = 7*u - 30. Calculate the highest common divisor of 24 and u.
6
Suppose -42 = -4*s + 154. Let r be (-3)/(-6) + s/2. Calculate the highest common factor of r and 5.
5
Suppose -6*g + g + 5*a + 85 = 0, -4*a - 36 = -2*g. Suppose 0 = 3*q - g - 11. Let i(r) = 20*r + 1. Let d be i(4). What is the greatest common factor of q and d?
9
Suppose -5*d + 32 = 2. Suppose 2*k = 5*k - d. Let l(g) = 68*g - 3. Let m be l(k). What is the greatest common factor of 19 and m?
19
Let k = -7 + 11. Suppose 5 = 4*o - 5*b, 4*o + b = -2 + 25. Suppose -o*i - 5*d = -4*d - 178, -3*i = -k*d - 116. What is the highest common factor of i and 4?
4
Let p(d) = -10*d - 38. Let o be p(-4). What is the greatest common divisor of 10 and o?
2
Let z = 1 - -3. Let m = z + 1. Let h be (-20)/(-8)*26/m. Calculate the greatest common factor of h and 13.
13
Let v be 134/8 - 2/(-8). What is the highest common divisor of 136 and v?
17
Let i(a) = 2*a - 10. Let d be i(5). Suppose 0 = -d*o - o + 1. What is the greatest common factor of 3 and o?
1
Suppose -4*p = -48 + 16. Suppose 2*n = -2*m + p, 6*n - 2*n - 11 = -5*m. Let c be 1/(-1 + (-20)/(-18)). What is the greatest common factor of c and n?
9
Suppose -4*p - 168 + 